ive u(18).
-1
Let p(q) = q**2 - 3*q - 643. What is p(27)?
5
Let r(f) = -4*f**3 + 34*f**2 - 17*f - 4. What is r(8)?
-12
Let x(n) = n**2 + 14*n + 2. Give x(-14).
2
Let w(p) = 2*p**2 + p - 4. Give w(0).
-4
Let v(c) = 2*c**2 - 15*c - 3. Calculate v(6).
-21
Let q(x) = 35*x + 5. Determine q(-3).
-100
Let l(y) = 4*y - 31. Calculate l(9).
5
Let i(s) = -2*s**3 + 2*s**2 + s - 1. What is i(2)?
-7
Let m(c) = 4*c**3 - 2*c**2 - 7*c + 17. Give m(2).
27
Let x(b) = -11*b**2 + b. Calculate x(-1).
-12
Let l(a) = -a + 1. What is l(-5)?
6
Let q(h) = 31*h + 2. Give q(2).
64
Let t(u) = u**3 - 4*u**2 + 3. Calculate t(2).
-5
Let d(l) = 2*l**2 - 12*l - 3. Determine d(6).
-3
Let i(b) = -b**2 + 8*b - 13. Calculate i(7).
-6
Let d(m) = -2*m**3 + m**2 - m. What is d(1)?
-2
Let x(s) = 2*s - 9. What is x(4)?
-1
Let n(m) = 11*m + 43. Calculate n(-3).
10
Let n(i) = 2*i**3 - 2*i. Calculate n(2).
12
Let l(j) = -j - 1. Give l(-5).
4
Let r(z) = -z**3 + 18*z**2 - 54*z - 19. Calculate r(14).
9
Let d(v) = -v**3 + 10*v**2 + v - 1. Give d(10).
9
Let w(i) = i**2 + 9*i - 64. Give w(7).
48
Let b(w) = -w**2 + 11*w + 1. Give b(11).
1
Let m(j) = 9*j**2 + 7*j - 6. Determine m(1).
10
Let g(i) = 2*i**2 - 15*i + 42. What is g(11)?
119
Let q(j) = 2*j**3 - 2*j**2 - 2*j + 5. Give q(4).
93
Let i(y) = -y**2 + 3*y + 26. Determine i(5).
16
Let l(h) = -h**2 + 3*h + 158. Calculate l(-11).
4
Let w(m) = 4*m + 50. What is w(-14)?
-6
Let m(i) = 26*i**2 - i - 1. Calculate m(1).
24
Let i(l) = -5*l + 10. Determine i(10).
-40
Let x(s) = 2*s - 20. Give x(11).
2
Let g(d) = -74*d - 307. What is g(-4)?
-11
Let z(t) = -t**3 - 2*t**2 - 8*t - 4. What is z(-5)?
111
Let u(m) = m**3 - 7*m**2 + 2*m - 6. Give u(5).
-46
Let r(k) = 2*k + 12. What is r(-12)?
-12
Let x(i) = i**3 - 35*i**2 + 68*i - 72. What is x(33)?
-6
Let o(q) = 10*q - 1. Determine o(3).
29
Let x(m) = 15*m - 24. Give x(4).
36
Let a(y) = 32*y + 162. Give a(-6).
-30
Let b(r) = 4*r + 13. Determine b(-6).
-11
Let a(p) = -3*p + 3. Calculate a(11).
-30
Let g(s) = 146*s + 725. Calculate g(-5).
-5
Let d(m) = -m - 10. Give d(6).
-16
Let o(u) = u - 18. What is o(9)?
-9
Let b(q) = -2*q**3 + 6*q**2 - 4*q + 7. What is b(3)?
-5
Let h(s) = -31*s - 42. Determine h(-2).
20
Let k(q) = -q**3 - 9*q**2 - 8*q + 4. Calculate k(-8).
4
Let h(k) = -k**2 + 4. Determine h(-3).
-5
Let u(t) = 3*t**2. What is u(1)?
3
Let u(k) = -84*k - 1. Calculate u(-1).
83
Let g(n) = -n**3 - 16*n**2 + 17*n + 3. Calculate g(-17).
3
Let i(j) = j**2 + 13*j - 8. Give i(-11).
-30
Let r(n) = -245*n - 1968. Determine r(-8).
-8
Let p(r) = 2*r - 2. Calculate p(3).
4
Let o(m) = m**3 - 2*m**2 - m. Give o(2).
-2
Let k(a) = -2*a + 4. Give k(-3).
10
Let r(s) = -4*s**3 - 2*s**2 + 5*s + 6. Give r(-1).
3
Let c(m) = -m**3 - 6*m**2 + 10*m + 22. Determine c(-7).
1
Let u(a) = -a**3 - a**2 + 12*a - 3. Calculate u(-4).
-3
Let z(j) = -3*j**3 - 2*j**2 + 3*j + 3. Determine z(-2).
13
Let v(p) = -11*p + 248. Calculate v(22).
6
Let b(v) = v**3 + 8*v**2 + 7*v + 8. Give b(-6).
38
Let u(a) = -19*a - 5. Give u(-1).
14
Let i(d) = d**3 - 19*d**2 - d + 18. Give i(19).
-1
Let z(n) = 4*n - 119. Give z(30).
1
Let n(p) = -p**3 - 7*p**2 - 14*p + 6. What is n(-5)?
26
Let o(i) = i**2 - 8*i + 15. What is o(2)?
3
Let u(w) = -w**3 - 7*w**2 - 10*w + 5. Give u(-6).
29
Let v(r) = 3*r + 4. What is v(-1)?
1
Let d(m) = -2*m**3 + m - 3. What is d(-3)?
48
Let f(d) = 9*d. Calculate f(-3).
-27
Let l(u) = -u**2 + 9*u + 19. What is l(10)?
9
Let n(f) = -f - 3. Give n(-18).
15
Let h(c) = c**3 + 8*c**2 + 11*c - 4. Calculate h(-6).
2
Let d(v) = -35*v**2 + 2*v. Give d(1).
-33
Let n(i) = -29*i**3 - i**2 + 11*i - 10. What is n(1)?
-29
Let b(l) = 13*l - 2. Calculate b(-2).
-28
Let q(f) = -2*f**3 - 15*f**2 + 9*f + 9. Give q(-8).
1
Let d(a) = -a + 12. What is d(18)?
-6
Let y(h) = 5*h**2 - 5*h + 9. What is y(2)?
19
Let m(f) = f**3 - 12*f**2 + f - 13. Give m(12).
-1
Let f(u) = 5*u - 63. Give f(7).
-28
Let x(t) = -t**3 + 14*t**2 - 14*t + 18. Give x(13).
5
Let y(d) = d**3 + 5*d**2 + 6*d - 4. Determine y(-5).
-34
Let x(k) = -62*k - 737. What is x(-12)?
7
Let i(w) = w**3 + 5*w**2 + 6*w + 7. Determine i(-4).
-1
Let b(i) = i**3 + 13*i**2 + 20*i - 19. Give b(-11).
3
Let k(g) = -13*g**3 - g**2 + 3*g - 1. What is k(1)?
-12
Let s(r) = -2*r + 10. Determine s(1).
8
Let q(g) = 2*g - 18. Give q(-12).
-42
Let h(l) = l**3 + 5*l**2 + 5. What is h(-5)?
5
Let o(k) = k**2 - 24*k + 140. Calculate o(12).
-4
Let m(i) = 10*i - 21. Calculate m(3).
9
Let v(f) = 10*f - 17. Determine v(1).
-7
Let n(t) = 14*t - 266. Calculate n(20).
14
Let q(r) = r**3 - 8*r**2 - r + 8. What is q(6)?
-70
Let h(p) = 9*p + 6. Determine h(-5).
-39
Let s(x) = -x**2 - 12*x + 27. Determine s(-14).
-1
Let x(f) = 45*f**3 - f**2 + f. Give x(1).
45
Let c(n) = -5*n + 16. What is c(12)?
-44
Let n(y) = -y**3 - 8*y**2 - 9*y - 1. What is n(-5)?
-31
Let g(l) = 9*l - 60. Give g(6).
-6
Let k(u) = -u**2 + 17*u + 86. Calculate k(21).
2
Let u(t) = 2*t**2 + 19*t + 29. Determine u(-12).
89
Let s(z) = -z**2 + 13*z - 7. Determine s(13).
-7
Let x(q) = 11*q + 112. Calculate x(-10).
2
Let l(n) = -n**3 + 5*n**2 - 5*n + 15. What is l(5)?
-10
Let o(l) = 4*l + 2. Calculate o(-2).
-6
Let d(v) = -v**3 - 20*v**2 - 14*v - 287. What is d(-20)?
-7
Let y(z) = z**3 - 5*z**2 + 13*z - 13. Give y(4).
23
Let i(f) = -12*f - 90. Calculate i(-7).
-6
Let z(y) = y**3 + 8*y**2 + 5*y - 11. Calculate z(-7).
3
Let b(a) = -2*a**2 - 5*a + 12. Determine b(-5).
-13
Let o(l) = -38*l + 114. Give o(3).
0
Let q(j) = -j**3 - 16*j**2 - 3*j + 1. Calculate q(-16).
49
Let x(l) = 5*l**3 - 2*l**2 + 1. Give x(2).
33
Let o(r) = -16*r**3 - 2*r**2 + 1. Calculate o(1).
-17
Let q(w) = 21*w**2 - 2. Determine q(1).
19
Let a(q) = 12*q - 4. What is a(2)?
20
Let a(f) = -f**2 - 11*f + 11. What is a(-10)?
21
Let d(n) = n**3 - 6*n**2 - 6*n + 32. Determine d(6).
-4
Let v(x) = -39*x**2 - 197*x - 8. Give v(-5).
2
Let b(r) = r**2 - r - 9. Determine b(0).
-9
Let q(l) = -5*l + 57. What is q(12)?
-3
Let y(o) = -o**3 + 13*o**2 - 2*o - 9. Determine y(10).
271
Let m(c) = 5*c. Determine m(-2).
-10
Let j(w) = 9*w + 105. Calculate j(-11).
6
Let z(k) = -14*k - 1. Determine z(-3).
41
Let z(d) = 9*d + 5. Calculate z(3).
32
Let w(k) = -12*k + 778. Calculate w(66).
-14
Let q(f) = f**3 + 6*f**2 - f - 12. Give q(-6).
-6
Let s(x) = x**3 - 15*x**2 + 16*x - 28. Give s(14).
0
Let m(j) = -10*j - 14. Determine m(-3).
16
Let w(y) = -y**3 + 5*y**2 + 5*y - 9. Give w(6).
-15
Let j(y) = -y - 9. Determine j(0).
-9
Let p(k) = k**3 - k**2 + 12. Determine p(0).
12
Let j(g) = -11*g - 8. What is j(-3)?
25
Let w(y) = -y**3 + 10*y**2 + 11*y + 7. Calculate w(11).
7
Let x(v) = v**3 + 3*v**2 - 7*v + 13. What is x(-5)?
-2
Let j(o) = -5*o + 2. Determine j(-5).
27
Let n(h) = -h**3 + 7*h**2 - 15*h + 24. Calculate n(5).
-1
Let q(i) = -4*i - 45. Determine q(-12).
3
Let m(j) = j**2 + 22*j - 46. Give m(-25).
29
Let j(d) = -25*d - 829. What is j(-33)?
-4
Let a(o) = o**3 - 16*o**2 - 3*o + 23. What is a(16)?
-25
Let u(b) = 2*b**2 - 17*b - 2. What is u(9)?
7
Let f(k) = -2*k**2 + 36*k + 20. Calculate f(17).
54
Let c(v) = -v**3 + 15*v**2 + 10. What is c(15)?
10
Let t(q) = 2*q**2 + 14*q + 34. What is t(-8)?
50
Let t(l) = l**2 - 13*l + 6. Give t(10).
-24
Let s(r) = -4*r**2 - 2*r + 1. Give s(-5).
-89
Let d(r) = r**3 - 16*r**2 + 12*r + 42. Give d(15).
-3
Let p(o) = o + 25. Determine p(-17).
8
Let k(b) = -b**3 - b**2 + 2*b - 12. What is k(-3)?
0
Let a(o) = -o**2 - 2*o + 58. Determine a(-8).
10
Let p(b) = -b - 4. Calculate p(-5).
1
Let y(i) = -i**3 - 23*i**2 - 33*i - 40. Calculate y(-22).
202
Let y(t) = t**3 - t**2 - 12*t + 14. Calculate y(-6).
-166
Let n(x) = -x**2 + 5*x - 4. What is n(2)?
2
Let m(s) = -2*s**2 + 11*s + 11. Determine m(6).
5
Let y(x) = -x + 16. Calculate y(9).
7
Let b(w) = 2*w**2 - 31*w - 21. What is b(15)?
-36
Let t(u) = u**2 - 14*u + 2. Determine t(13).
-11
Let u(a) = a**3 - 9*a + 8. Calculate u(2).
-2
Let l(m) = -m**3 + 27*m**2 - 25*m - 34. Determine l(26).
-8
Let m(r) = 6*r + 3. Determine m(6).
39
Let x(f) = 18*f - 148. What is x(8)?
-4
Let c(i) = 4*i**2 + 9*i + 10. Calculate c(-2).
8
Let f(z) = -z**2 - 2*z - 7. Determine f(-5).
-22
Let o(m) = 2*m**3 - 5*m**2 + 7*m - 6. Calculate o(3).
24
Let n(p) = -p**2 - 17*p - 21. Determine n(-16).
-5
Let t(y) = -16*y + 102. Calculate t(16).
-154
Let k(g) = 29*g - 4. Determine k(2).
54
Let c(t) = -3